{"id":23,"date":"2025-08-05T14:01:44","date_gmt":"2025-08-05T14:01:44","guid":{"rendered":"http:\/\/www.hannujeulonen.fi\/?page_id=23"},"modified":"2026-04-08T14:51:06","modified_gmt":"2026-04-08T14:51:06","slug":"reiki","status":"publish","type":"page","link":"http:\/\/www.hannujeulonen.fi\/?page_id=23","title":{"rendered":"Reiki"},"content":{"rendered":"\n<p>Toimin my\u00f6s Reiki-hoitajana ja -kouluttajana, ja teen alkuper\u00e4ist\u00e4 Usuin luomaa Reiki\u00e4. Usuin perinteinen Reiki on lempe\u00e4 ja harmoninen hoitomuoto, jossa energiaa v\u00e4litet\u00e4\u00e4n k\u00e4sien kautta. Sen ytimess\u00e4 on ajatus rauhasta, l\u00e4sn\u00e4olosta ja kehon omasta kyvyst\u00e4 palautua, kun sille annetaan siihen tila ja mahdollisuus.<\/p>\n\n\n\n<p>Reiki-hoidossa asiakas lep\u00e4\u00e4 rauhallisesti ja t\u00e4ysin pukeutuneena. Asetan k\u00e4det kevyesti kehon p\u00e4\u00e4lle tai hieman sen yl\u00e4puolelle, ja annan energian virrata sinne, miss\u00e4 sit\u00e4 tarvitaan. Hoitotilanteessa ei ole kiirett\u00e4 \u2013 se on hetki pys\u00e4htymiselle, hengitykselle ja syv\u00e4lle rentoutumiselle.<\/p>\n\n\n\n<p>Kouluttajana vaalin Usuin alkuper\u00e4ist\u00e4 opetusta ja sen ydinarvoja: yksinkertaisuutta, selkeytt\u00e4 ja luonnollisuutta. Opetan Reiki\u00e4 perinteisin menetelmin, jotta oppijat voivat tavoittaa hoitomuodon alkuper\u00e4isen hengen ja soveltaa sit\u00e4 aidosti omalla tavallaan.<\/p>\n\n\n\n<p>Reiki-hoitoni ovat rauhallisia, lempeit\u00e4 ja kokonaisvaltaisesti hyvinvointia tukevia hetki\u00e4, joissa l\u00e4sn\u00e4olo ja hiljaisuus ovat keski\u00f6ss\u00e4.<\/p>\n\n\n\n<p>Tervetuloa kokemaan alkuper\u00e4isen Usuin Reiki-hoidon rauha ja pehmeys \u2013 tai syvent\u00e4m\u00e4\u00e4n osaamistasi koulutusten kautta.<\/p>\n","protected":false},"excerpt":{"rendered":"<p>Toimin my\u00f6s Reiki-hoitajana ja -kouluttajana, ja teen alkuper\u00e4ist\u00e4 Usuin luomaa Reiki\u00e4. Usuin perinteinen Reiki on lempe\u00e4 ja harmoninen hoitomuoto, jossa energiaa v\u00e4litet\u00e4\u00e4n k\u00e4sien kautta. Sen ytimess\u00e4 on ajatus rauhasta, l\u00e4sn\u00e4olosta ja kehon omasta kyvyst\u00e4 palautua, kun sille annetaan siihen tila ja mahdollisuus. Reiki-hoidossa asiakas lep\u00e4\u00e4 rauhallisesti ja t\u00e4ysin pukeutuneena. Asetan k\u00e4det kevyesti kehon p\u00e4\u00e4lle tai &hellip; <\/p>\n<p class=\"link-more\"><a href=\"http:\/\/www.hannujeulonen.fi\/?page_id=23\" class=\"more-link\">Jatka lukemista<span class=\"screen-reader-text\"> &#8221;Reiki&#8221;<\/span><\/a><\/p>\n","protected":false},"author":1,"featured_media":114,"parent":0,"menu_order":0,"comment_status":"closed","ping_status":"closed","template":"","meta":{"footnotes":""},"class_list":["post-23","page","type-page","status-publish","has-post-thumbnail","hentry"],"_links":{"self":[{"href":"http:\/\/www.hannujeulonen.fi\/index.php?rest_route=\/wp\/v2\/pages\/23","targetHints":{"allow":["GET"]}}],"collection":[{"href":"http:\/\/www.hannujeulonen.fi\/index.php?rest_route=\/wp\/v2\/pages"}],"about":[{"href":"http:\/\/www.hannujeulonen.fi\/index.php?rest_route=\/wp\/v2\/types\/page"}],"author":[{"embeddable":true,"href":"http:\/\/www.hannujeulonen.fi\/index.php?rest_route=\/wp\/v2\/users\/1"}],"replies":[{"embeddable":true,"href":"http:\/\/www.hannujeulonen.fi\/index.php?rest_route=%2Fwp%2Fv2%2Fcomments&post=23"}],"version-history":[{"count":2,"href":"http:\/\/www.hannujeulonen.fi\/index.php?rest_route=\/wp\/v2\/pages\/23\/revisions"}],"predecessor-version":[{"id":76,"href":"http:\/\/www.hannujeulonen.fi\/index.php?rest_route=\/wp\/v2\/pages\/23\/revisions\/76"}],"wp:featuredmedia":[{"embeddable":true,"href":"http:\/\/www.hannujeulonen.fi\/index.php?rest_route=\/wp\/v2\/media\/114"}],"wp:attachment":[{"href":"http:\/\/www.hannujeulonen.fi\/index.php?rest_route=%2Fwp%2Fv2%2Fmedia&parent=23"}],"curies":[{"name":"wp","href":"https:\/\/api.w.org\/{rel}","templated":true}]}}