{"id":10,"date":"2025-08-05T14:01:44","date_gmt":"2025-08-05T14:01:44","guid":{"rendered":"http:\/\/www.hannujeulonen.fi\/?page_id=10"},"modified":"2026-04-08T15:23:41","modified_gmt":"2026-04-08T15:23:41","slug":"tietoja","status":"publish","type":"page","link":"http:\/\/www.hannujeulonen.fi\/","title":{"rendered":"Minusta"},"content":{"rendered":"\n<p>Olen parantaja ja sis\u00e4isen kasvun ohjaaja. Uupumuksen kautta kuljettu matka avasi minulle tien syvemp\u00e4\u00e4n ymm\u00e4rrykseen ihmisyydest\u00e4 ja el\u00e4m\u00e4n tarkoituksesta. T\u00e4m\u00e4n kokemuksen my\u00f6t\u00e4 l\u00f6ysin oman teht\u00e4v\u00e4ni: auttaa ihmisi\u00e4 palauttamaan yhteyden itseens\u00e4 ja parantumaan kokonaisvaltaisesti \u2013 kehon, mielen ja sielun tasolla.<\/p>\n\n\n\n<p>Ty\u00f6skentelyni pohjautuu l\u00e4sn\u00e4oloon, lempeyteen ja intuition kuuntelemiseen. Kuljen rinnalla, kannattelen ja tuen niit\u00e4, jotka kaipaavat muutosta, sis\u00e4ist\u00e4 selkeytt\u00e4 tai syvemp\u00e4\u00e4 yhteytt\u00e4 itseens\u00e4.<\/p>\n","protected":false},"excerpt":{"rendered":"<p>Olen parantaja ja sis\u00e4isen kasvun ohjaaja. Uupumuksen kautta kuljettu matka avasi minulle tien syvemp\u00e4\u00e4n ymm\u00e4rrykseen ihmisyydest\u00e4 ja el\u00e4m\u00e4n tarkoituksesta. T\u00e4m\u00e4n kokemuksen my\u00f6t\u00e4 l\u00f6ysin oman teht\u00e4v\u00e4ni: auttaa ihmisi\u00e4 palauttamaan yhteyden itseens\u00e4 ja parantumaan kokonaisvaltaisesti \u2013 kehon, mielen ja sielun tasolla. Ty\u00f6skentelyni pohjautuu l\u00e4sn\u00e4oloon, lempeyteen ja intuition kuuntelemiseen. Kuljen rinnalla, kannattelen ja tuen niit\u00e4, jotka kaipaavat muutosta, &hellip; <\/p>\n<p class=\"link-more\"><a href=\"http:\/\/www.hannujeulonen.fi\/\" class=\"more-link\">Jatka lukemista<span class=\"screen-reader-text\"> &#8221;Minusta&#8221;<\/span><\/a><\/p>\n","protected":false},"author":1,"featured_media":125,"parent":0,"menu_order":0,"comment_status":"closed","ping_status":"closed","template":"","meta":{"footnotes":""},"class_list":["post-10","page","type-page","status-publish","has-post-thumbnail","hentry"],"_links":{"self":[{"href":"http:\/\/www.hannujeulonen.fi\/index.php?rest_route=\/wp\/v2\/pages\/10","targetHints":{"allow":["GET"]}}],"collection":[{"href":"http:\/\/www.hannujeulonen.fi\/index.php?rest_route=\/wp\/v2\/pages"}],"about":[{"href":"http:\/\/www.hannujeulonen.fi\/index.php?rest_route=\/wp\/v2\/types\/page"}],"author":[{"embeddable":true,"href":"http:\/\/www.hannujeulonen.fi\/index.php?rest_route=\/wp\/v2\/users\/1"}],"replies":[{"embeddable":true,"href":"http:\/\/www.hannujeulonen.fi\/index.php?rest_route=%2Fwp%2Fv2%2Fcomments&post=10"}],"version-history":[{"count":1,"href":"http:\/\/www.hannujeulonen.fi\/index.php?rest_route=\/wp\/v2\/pages\/10\/revisions"}],"predecessor-version":[{"id":29,"href":"http:\/\/www.hannujeulonen.fi\/index.php?rest_route=\/wp\/v2\/pages\/10\/revisions\/29"}],"wp:featuredmedia":[{"embeddable":true,"href":"http:\/\/www.hannujeulonen.fi\/index.php?rest_route=\/wp\/v2\/media\/125"}],"wp:attachment":[{"href":"http:\/\/www.hannujeulonen.fi\/index.php?rest_route=%2Fwp%2Fv2%2Fmedia&parent=10"}],"curies":[{"name":"wp","href":"https:\/\/api.w.org\/{rel}","templated":true}]}}